pose 2*j + 3*u + 114 = 8*u, -4*j = -4*u + 204. Let i = j + d. What is the tens digit of i?
3
Let a(z) = 101*z - 184. What is the tens digit of a(10)?
2
Suppose -5*c = -2*s + 1725, 2*c = 5*s + 494 - 4817. What is the units digit of s?
5
What is the hundreds digit of (1160/42 - 38/133)*12?
3
Let b(v) be the third derivative of -v**6/120 - 3*v**5/20 + v**4/12 - 13*v**3/6 + 8*v**2. Let n be b(-9). Let z = n - -39. What is the units digit of z?
8
Let c(x) = 14*x + 2. Let s be c(1). Let q(k) = k - 14. Let n be q(19). Suppose -2*h + s = -j, n*j - 4 = h + 6. What is the tens digit of h?
1
Suppose 0 = -4*x + 7*x. Suppose x = 8*b - 3*b - 230. What is the tens digit of b?
4
Suppose 2*x + 5 = x + 4*r, 0 = 4*x + 3*r + 115. Let s = 60 + x. What is the tens digit of s?
3
Let v = -635 + 594. Let h be (-2)/(-4)*146 + 1. Let f = v + h. What is the tens digit of f?
3
Suppose 0 = -5*z + 20, y - 2 = -z + 6. Suppose y*f - 567 = -h, -3*f - f - 2*h + 566 = 0. What is the units digit of f?
2
Suppose 114 = -3*m + 711. What is the units digit of m?
9
Let t = -11 - -17. Let i(g) = g**3 - 6*g**2 + 6. Let x be i(t). What is the units digit of 9/((-27)/x)*-19?
8
Let d(l) = 3*l**3 + 2*l**2 + 3*l + 7. Let s(q) = -4*q**3 - 3*q**2 - 5*q - 11. Let h(m) = -8*d(m) - 5*s(m). What is the units digit of h(-3)?
5
Suppose -91*v + 97*v - 108 = 0. Let l = 0 - -4. Suppose -l*h + v = -3*h. What is the tens digit of h?
1
Let b(c) = -34*c + 162. What is the units digit of b(-45)?
2
Suppose -2*o - 4*j = -16, -2*o - 4*j = -3*o - 16. Let u(a) = -a**3 - 2*a**2 + a + 185. What is the hundreds digit of u(o)?
1
Let b = -223 + 395. Suppose 9*z - 11*z = -b. What is the tens digit of z?
8
Let x(f) = f**2 + 7*f + 7. Let h be x(-3). Let n(m) = m**2 + m + 15. What is the units digit of n(h)?
5
Suppose 0 = k + k + 3*i + 3, -k + 5*i = -31. Let d(m) = -2*m - 3 - k*m**2 - 2*m**3 - 5 + 1 + 2. What is the tens digit of d(-4)?
3
Suppose i = 3*j - 94, 2*j + 94 = -i - 0*j. Let c = -38 - i. Let y = c - 32. What is the tens digit of y?
2
Let q(g) = 3*g**2 - g - 4. Let l be q(2). Let j be l/3 - (-1 + 0). Suppose -3 - j = -2*a, -2*y = -4*a - 18. What is the units digit of y?
5
Let r(n) = 2 + n + 4 + 0 + 0*n. Let m be r(-3). Suppose -m*z + 2*z = -20. What is the tens digit of z?
2
What is the units digit of (-6 + 5 - -11)/((-4)/(-812))?
0
Let r(s) = 2*s**2 - 6*s + 3. Let a be r(3). Suppose 0*z - 71 = -z - 5*n, 3*n + 159 = a*z. Suppose -4*t = -0*t - z. What is the units digit of t?
4
Suppose 139*p + 2*p = 149037. What is the units digit of p?
7
Suppose -i + 716 = 5*a, -43*i + 3*a - 1432 = -45*i. What is the hundreds digit of i?
7
Let p(m) = -m**3 + m**2 + 18. Let o be p(0). Let c = 101 - o. What is the tens digit of c?
8
Let g = -277 - -732. What is the units digit of g?
5
Let y = 93 + -43. Suppose 27 + 40 = -3*r - 5*t, 4*t = 5*r + y. Let q = 25 + r. What is the units digit of q?
1
Let w(o) = o**3 + 19*o**2 - 12*o + 48. What is the thousands digit of w(-15)?
1
Let h = 15 - 13. Let j be 176/(-12) + h/(-6). Let x = j - -28. What is the units digit of x?
3
Suppose -17*q - 30*q + 86057 = 0. What is the tens digit of q?
3
Suppose 4*k - 164 = 536. What is the hundreds digit of k?
1
Let i be (-2)/((-10)/(-45)) + -1. Let n = i + 7. Let c = 41 - n. What is the tens digit of c?
4
Let y be ((-2)/(-9) - (-116)/(-36))*-13. Let s = 42 - y. What is the units digit of s?
3
Suppose -10*y + 4*d + 2620 = -8*y, -d = -3*y + 3935. What is the thousands digit of y?
1
Let h = 39 - 38. What is the units digit of (h/(-1))/((-3)/66)?
2
Let h(w) = 47 - 34*w - 27 - 19. Let g be (-3)/2 - 1/2. What is the units digit of h(g)?
9
Suppose 37850 - 1460 = 15*n. What is the hundreds digit of n?
4
Suppose 0 - 2 = -5*f - h, -2*f = -3*h - 11. Let p be (f + -2)*(-3)/1. Suppose -2*l = 3*n - 46, -p*l + 6*l = 5*n + 69. What is the units digit of l?
3
Let s(d) = 9*d**3 + 8*d**2 - 5*d - 6. What is the hundreds digit of s(5)?
2
What is the thousands digit of (1526 - -1)*(-44 - -45)?
1
Suppose 0 = h - 3*h + 10. Let r be 3*(-2 + h - -2). Suppose -r = -0*v - 3*v. What is the units digit of v?
5
Let d = -65 - -129. Let w be 3 + 3*(d + -2). Let h = -134 + w. What is the tens digit of h?
5
Suppose j + 615 = 6*j. Let o = 176 - j. What is the units digit of o?
3
Suppose -501*a = -505*a + 5688. What is the tens digit of a?
2
Let b(t) = 3*t + 19. Let r be b(-13). What is the units digit of (12/5)/((-6)/r)?
8
Suppose -72*o - 112 = -73*o. What is the hundreds digit of o?
1
Suppose 11*g - 5*g - 24 = 0. Suppose -3*k - 23 = -g*k. What is the units digit of k?
3
Let q = 766 + -248. Suppose 0 = 4*r - 16, 0*r + q = 2*j + r. What is the tens digit of j?
5
Let m be (-5)/(-1 - 12/(-8)). Let d(k) = -2*k + 2. What is the tens digit of d(m)?
2
Let t = 20 - 16. Suppose 5*s + t*w - 107 = 3*w, -75 = -3*s + 3*w. What is the units digit of s?
2
Let h = -60 + 111. Suppose 6 = 2*c, 3*y - 2*c = -c - h. Let q = 44 + y. What is the units digit of q?
8
Let t be 0 + 0 + (-4)/2. Let d be 4 + 16/t + -10. What is the units digit of ((-36)/d)/((-12)/(-112))?
4
Let x be 5 + -1 + 10 + -9. Let z = 9 - x. Suppose 2*k - 28 = -n, -5*n + 0*n = -z*k + 84. What is the tens digit of k?
1
Let y(b) be the first derivative of -20*b + 5/2*b**2 + 11. What is the units digit of y(6)?
0
Let w(y) = 4*y**3 - 2*y**2 - 3*y + 3. Let a be w(2). Let b = -16 + a. Suppose 4*i - x - 226 = 0, 0 = 4*i - 0*x + b*x - 214. What is the tens digit of i?
5
Suppose 5*g - 3*k = -5*k + 33, -10 = 2*g - 5*k. Suppose 2*s + g*u = 63, -2*u + 16 - 63 = -3*s. What is the tens digit of s?
1
Suppose 0 = -2*q + 1076 + 180. What is the tens digit of q?
2
Suppose -3*h - 3*i = 759, 2*h + 4*i + 502 = -0*i. What is the units digit of h/(14/(-4) + 2)?
0
Suppose -87 = -3*w + 321. What is the units digit of w?
6
Let n(a) = 4*a**2 + 7*a - 8. Let b(y) = -7*y**2 - 14*y + 15. Let k(o) = -3*b(o) - 5*n(o). What is the units digit of k(6)?
3
What is the hundreds digit of (-48)/5*((-1261)/39 - -9)?
2
What is the units digit of 319 + 6 + -1 + -3?
1
Let i = -7057 - -10207. What is the units digit of i?
0
Let s(c) be the first derivative of 2*c**3/3 - 2*c**2 - 4*c - 9. What is the tens digit of s(-6)?
9
Let m = 11 - 13. Let d be (-3)/(m + 1) + -3. What is the units digit of 30*(d + (-2)/(-4))?
5
Let x(h) = 2*h**3 - 13*h**2 - 4*h - 2. Let w be x(7). Let r = 19 - w. Suppose r = -4*v + 12, -j + 0*j + 3*v + 22 = 0. What is the units digit of j?
1
Suppose -5*i - 345 = -8*i. Let h = 260 - i. Suppose -v + 6*v - 4*n = h, 18 = v - 3*n. What is the units digit of v?
3
Suppose 2*p + 3*c = 112, -3*p + c = -167 - 1. Suppose 6*y = 3*y - 15, 5*q = -y + 5. Suppose -q*x + p = 2*x. What is the tens digit of x?
1
Let w = 18 + -16. Suppose 0*v + w*v + 139 = -3*l, -l + 3*v - 28 = 0. Let u = l - -79. What is the tens digit of u?
3
Let x = 23 + -23. Suppose 19*b - 20*b = x. Suppose b = -s - 2*s + 2*v + 22, -s + 5*v = -3. What is the units digit of s?
8
Let f(q) = 2*q**2 + 14*q + 14. Let d be f(-6). Suppose -j - d*j = -375. What is the units digit of j?
5
Let g = 54 - 40. Let d = 81 + g. What is the units digit of d?
5
Let d(j) = -119*j + 74. What is the tens digit of d(-3)?
3
Let q be 0*(-2 - -1) + 662. Suppose 1105 = 5*m + 3*n - 8*n, -2*n - q = -3*m. Suppose 3*j = -2*j + m. What is the units digit of j?
4
Let u(x) = 6 + 2 + 4*x - 19 - 4. Let g(q) = 2*q**2 - 10*q + 6. Let w be g(6). What is the units digit of u(w)?
7
Let r(x) = x - 3. Suppose -4*w + 15 = 3. Let c be r(w). Suppose -3*m - 4*d + 101 = c, 2*m - 5*d - 98 = -0*d. What is the tens digit of m?
3
Suppose -2*j - 4*a = -3 - 3, -3*j - 2*a = -9. Suppose -2*k - j*g = -k - 88, 0 = -4*g + 8. What is the units digit of k?
2
Suppose g = -3*c + 882 + 1610, -4*g - 1666 = -2*c. What is the hundreds digit of c?
8
Let p be 1/(-6)*4*3. Let k(b) = -22*b**3 + b**2 + 4*b + 5. What is the hundreds digit of k(p)?
1
Let a = 43 + -38. Suppose a*z + 4*b - 24 = 176, -z + 40 = 2*b. What is the units digit of z?
0
Let o = 905 - 345. What is the tens digit of o?
6
Suppose -k = -2*n + 2, k = -3*n - 2*n + 12. Suppose -3*u - z + 21 = 0, -5*u + n*z = -10*u + 35. Suppose 4*b = u*b - 36. What is the tens digit of b?
1
Let n be (-1)/((-3)/10) + (-55)/165. Let k(p) = 72*p + 8. What is the tens digit of k(n)?
2
Let z(l) = 6*l**2 + 11*l + 9. Let o be z(-7). Let r = 